{"id":32,"date":"2023-05-25T20:19:51","date_gmt":"2023-05-25T20:19:51","guid":{"rendered":"http:\/\/ec2-18-229-160-1.sa-east-1.compute.amazonaws.com\/?page_id=32"},"modified":"2026-04-16T17:13:29","modified_gmt":"2026-04-16T20:13:29","slug":"informacoes","status":"publish","type":"page","link":"https:\/\/shimanofest.com.br\/index.php\/o-evento\/informacoes\/","title":{"rendered":"Informa\u00e7\u00f5es"},"content":{"rendered":"\t\t<div data-elementor-type=\"wp-page\" data-elementor-id=\"32\" class=\"elementor elementor-32\">\n\t\t\t\t\t\t\t<div class=\"elementor-element elementor-element-1d23f80 e-con-boxed e-flex e-con\" data-id=\"1d23f80\" data-element_type=\"container\" data-settings=\"{&quot;background_background&quot;:&quot;classic&quot;,&quot;content_width&quot;:&quot;boxed&quot;}\">\n\t\t\t\t\t<div class=\"e-con-inner\">\n\t\t<div class=\"elementor-element elementor-element-4637780 e-con-full e-flex e-con\" data-id=\"4637780\" data-element_type=\"container\" data-settings=\"{&quot;content_width&quot;:&quot;full&quot;,&quot;background_background&quot;:&quot;classic&quot;}\">\n\t\t\t\t<div class=\"elementor-element elementor-element-f8f07b4 elementor-widget elementor-widget-heading\" data-id=\"f8f07b4\" data-element_type=\"widget\" data-widget_type=\"heading.default\">\n\t\t\t\t<div class=\"elementor-widget-container\">\n\t\t\t<style>\/*! elementor - v3.13.2 - 11-05-2023 *\/\n.elementor-heading-title{padding:0;margin:0;line-height:1}.elementor-widget-heading .elementor-heading-title[class*=elementor-size-]>a{color:inherit;font-size:inherit;line-height:inherit}.elementor-widget-heading .elementor-heading-title.elementor-size-small{font-size:15px}.elementor-widget-heading .elementor-heading-title.elementor-size-medium{font-size:19px}.elementor-widget-heading .elementor-heading-title.elementor-size-large{font-size:29px}.elementor-widget-heading .elementor-heading-title.elementor-size-xl{font-size:39px}.elementor-widget-heading .elementor-heading-title.elementor-size-xxl{font-size:59px}<\/style><h2 class=\"elementor-heading-title elementor-size-default\">Informa\u00e7\u00f5es<\/h2>\t\t<\/div>\n\t\t\t\t<\/div>\n\t\t\t\t<div class=\"elementor-element elementor-element-405855f elementor-align-center elementor-widget elementor-widget-breadcrumbs\" data-id=\"405855f\" data-element_type=\"widget\" data-widget_type=\"breadcrumbs.default\">\n\t\t\t\t<div class=\"elementor-widget-container\">\n\t\t\t<link rel=\"stylesheet\" href=\"https:\/\/shimanofest.com.br\/wp-content\/plugins\/pro-elements\/assets\/css\/widget-theme-elements.min.css\"><p id=\"breadcrumbs\"><span><span><a href=\"https:\/\/shimanofest.com.br\/\">Home<\/a><\/span><\/span><\/p>\t\t<\/div>\n\t\t\t\t<\/div>\n\t\t\t\t<\/div>\n\t\t<div class=\"elementor-element elementor-element-d8f598c e-con-full content-box e-flex e-con\" data-id=\"d8f598c\" data-element_type=\"container\" data-settings=\"{&quot;content_width&quot;:&quot;full&quot;,&quot;background_background&quot;:&quot;classic&quot;}\">\n\t\t<div class=\"elementor-element elementor-element-31ccd54 e-con-boxed e-flex e-con\" data-id=\"31ccd54\" data-element_type=\"container\" data-settings=\"{&quot;background_background&quot;:&quot;classic&quot;,&quot;content_width&quot;:&quot;boxed&quot;}\">\n\t\t\t\t\t<div class=\"e-con-inner\">\n\t\t\t\t<div class=\"elementor-element elementor-element-9cb7ed6 elementor-widget elementor-widget-heading\" data-id=\"9cb7ed6\" data-element_type=\"widget\" data-widget_type=\"heading.default\">\n\t\t\t\t<div class=\"elementor-widget-container\">\n\t\t\t<h2 class=\"elementor-heading-title elementor-size-default\">Shimano Fest 2026 - 20 a 23 de Agosto<\/h2>\t\t<\/div>\n\t\t\t\t<\/div>\n\t\t\t\t\t<\/div>\n\t\t\t\t<\/div>\n\t\t\t\t<\/div>\n\t\t<div class=\"elementor-element elementor-element-73558d9 e-con-full content-box e-flex e-con\" data-id=\"73558d9\" data-element_type=\"container\" data-settings=\"{&quot;content_width&quot;:&quot;full&quot;,&quot;background_background&quot;:&quot;classic&quot;}\">\n\t\t\t\t<div class=\"elementor-element elementor-element-c0b4e2c conteudo elementor-widget__width-inherit elementor-widget elementor-widget-text-editor\" data-id=\"c0b4e2c\" data-element_type=\"widget\" data-widget_type=\"text-editor.default\">\n\t\t\t\t<div class=\"elementor-widget-container\">\n\t\t\t<style>\/*! elementor - v3.13.2 - 11-05-2023 *\/\n.elementor-widget-text-editor.elementor-drop-cap-view-stacked .elementor-drop-cap{background-color:#69727d;color:#fff}.elementor-widget-text-editor.elementor-drop-cap-view-framed .elementor-drop-cap{color:#69727d;border:3px solid;background-color:transparent}.elementor-widget-text-editor:not(.elementor-drop-cap-view-default) .elementor-drop-cap{margin-top:8px}.elementor-widget-text-editor:not(.elementor-drop-cap-view-default) .elementor-drop-cap-letter{width:1em;height:1em}.elementor-widget-text-editor .elementor-drop-cap{float:left;text-align:center;line-height:1;font-size:50px}.elementor-widget-text-editor .elementor-drop-cap-letter{display:inline-block}<\/style>\t\t\t\t<p><font color=\"#029fe3\"><b>Feira de Neg\u00f3cios<br><\/b><\/font>20 e 21 de Agosto &#8211; dias exclusivos para profissionais do mercado.<br>Credenciamento obrigat\u00f3rio<br>Hor\u00e1rios: Dia 20:&nbsp;<span style=\"font-weight: bolder;\"><span style=\"color: rgb(2, 159, 227);\">9h00 &#8211; 20h00<\/span><\/span>&nbsp;| Dia 21:&nbsp;<span style=\"font-weight: bolder;\"><span style=\"color: rgb(2, 159, 227);\">9h00 &#8211; 17h00<\/span><\/span><\/p>\n<p><font color=\"#029fe3\"><b>Festival da Bike<br><\/b><\/font>22 e 23 de Agosto &#8211; dias aberto ao p\u00fablico aberta ao p\u00fablico.<br>Inscri\u00e7\u00e3o gratuita<br>Hor\u00e1rios: Dia 22:&nbsp;<strong><span style=\"color: #029fe3;\">9h00 &#8211; 20h00<\/span><\/strong> | Dia 23: <strong><span style=\"color: #029fe3;\">9h00 &#8211; 17h00<\/span><\/strong><\/p>\n<p>Local:<strong><span style=\"color: #029fe3;\"> Memorial da Am\u00e9rica Latina<\/span><\/strong>, S\u00e3o Paulo &#8211; SP.<br>Av. M\u00e1rio de Andrade, 664 &#8211; Barra Funda, S\u00e3o Paulo<br>Entrada principal e \u00fanica &#8211; <strong><span style=\"color: #029fe3;\">Port\u00e3o 13s<\/span><\/strong><\/p>\t\t\t\t\t\t<\/div>\n\t\t\t\t<\/div>\n\t\t\t\t<\/div>\n\t\t\t\t\t<\/div>\n\t\t\t\t<\/div>\n\t\t\t\t\t\t\t<\/div>\n\t\t","protected":false},"excerpt":{"rendered":"<p>Informa\u00e7\u00f5es Shimano Fest 2026 &#8211; 20 a 23 de Agosto Feira de Neg\u00f3cios20 e 21 de Agosto &#8211; dias exclusivos para profissionais do mercado.Credenciamento obrigat\u00f3rioHor\u00e1rios: Dia 20:&nbsp;9h00 &#8211; 20h00&nbsp;| Dia 21:&nbsp;9h00 &#8211; 17h00 Festival da Bike22 e 23 de Agosto &#8211; dias aberto ao p\u00fablico aberta ao p\u00fablico.Inscri\u00e7\u00e3o gratuitaHor\u00e1rios: Dia 22:&nbsp;9h00 &#8211; 20h00 | Dia [&hellip;]<\/p>\n","protected":false},"author":3,"featured_media":0,"parent":16,"menu_order":0,"comment_status":"closed","ping_status":"closed","template":"","meta":{"inline_featured_image":false,"footnotes":""},"acf":[],"yoast_head":"<!-- This site is optimized with the Yoast SEO plugin v20.9 - https:\/\/yoast.com\/wordpress\/plugins\/seo\/ -->\n<title>Informa\u00e7\u00f5es - Shimano Fest<\/title>\n<meta name=\"robots\" content=\"index, follow, max-snippet:-1, max-image-preview:large, max-video-preview:-1\" \/>\n<link rel=\"canonical\" href=\"https:\/\/shimanofest.com.br\/index.php\/o-evento\/informacoes\/\" \/>\n<meta property=\"og:locale\" content=\"pt_BR\" \/>\n<meta property=\"og:type\" content=\"article\" \/>\n<meta property=\"og:title\" content=\"Informa\u00e7\u00f5es - Shimano Fest\" \/>\n<meta property=\"og:description\" content=\"Informa\u00e7\u00f5es Shimano Fest 2026 &#8211; 20 a 23 de Agosto Feira de Neg\u00f3cios20 e 21 de Agosto &#8211; dias exclusivos para profissionais do mercado.Credenciamento obrigat\u00f3rioHor\u00e1rios: Dia 20:&nbsp;9h00 &#8211; 20h00&nbsp;| Dia 21:&nbsp;9h00 &#8211; 17h00 Festival da Bike22 e 23 de Agosto &#8211; dias aberto ao p\u00fablico aberta ao p\u00fablico.Inscri\u00e7\u00e3o gratuitaHor\u00e1rios: Dia 22:&nbsp;9h00 &#8211; 20h00 | Dia [&hellip;]\" \/>\n<meta property=\"og:url\" content=\"https:\/\/shimanofest.com.br\/index.php\/o-evento\/informacoes\/\" \/>\n<meta property=\"og:site_name\" content=\"Shimano Fest\" \/>\n<meta property=\"article:modified_time\" content=\"2026-04-16T20:13:29+00:00\" \/>\n<meta name=\"twitter:card\" content=\"summary_large_image\" \/>\n<meta name=\"twitter:label1\" content=\"Est. tempo de leitura\" \/>\n\t<meta name=\"twitter:data1\" content=\"1 minuto\" \/>\n<script type=\"application\/ld+json\" class=\"yoast-schema-graph\">{\"@context\":\"https:\/\/schema.org\",\"@graph\":[{\"@type\":\"WebPage\",\"@id\":\"https:\/\/shimanofest.com.br\/index.php\/o-evento\/informacoes\/\",\"url\":\"https:\/\/shimanofest.com.br\/index.php\/o-evento\/informacoes\/\",\"name\":\"Informa\u00e7\u00f5es - Shimano Fest\",\"isPartOf\":{\"@id\":\"https:\/\/shimanofest.com.br\/#website\"},\"datePublished\":\"2023-05-25T20:19:51+00:00\",\"dateModified\":\"2026-04-16T20:13:29+00:00\",\"breadcrumb\":{\"@id\":\"https:\/\/shimanofest.com.br\/index.php\/o-evento\/informacoes\/#breadcrumb\"},\"inLanguage\":\"pt-BR\",\"potentialAction\":[{\"@type\":\"ReadAction\",\"target\":[\"https:\/\/shimanofest.com.br\/index.php\/o-evento\/informacoes\/\"]}]},{\"@type\":\"BreadcrumbList\",\"@id\":\"https:\/\/shimanofest.com.br\/index.php\/o-evento\/informacoes\/#breadcrumb\",\"itemListElement\":[{\"@type\":\"ListItem\",\"position\":1,\"name\":\"Home\",\"item\":\"https:\/\/shimanofest.com.br\/\"},{\"@type\":\"ListItem\",\"position\":2,\"name\":\"O Evento\",\"item\":\"https:\/\/shimanofest.com.br\/index.php\/o-evento\/\"},{\"@type\":\"ListItem\",\"position\":3,\"name\":\"Informa\u00e7\u00f5es\"}]},{\"@type\":\"WebSite\",\"@id\":\"https:\/\/shimanofest.com.br\/#website\",\"url\":\"https:\/\/shimanofest.com.br\/\",\"name\":\"Shimano Fest\",\"description\":\"\",\"potentialAction\":[{\"@type\":\"SearchAction\",\"target\":{\"@type\":\"EntryPoint\",\"urlTemplate\":\"https:\/\/shimanofest.com.br\/?s={search_term_string}\"},\"query-input\":\"required name=search_term_string\"}],\"inLanguage\":\"pt-BR\"}]}<\/script>\n<!-- \/ Yoast SEO plugin. -->","yoast_head_json":{"title":"Informa\u00e7\u00f5es - Shimano Fest","robots":{"index":"index","follow":"follow","max-snippet":"max-snippet:-1","max-image-preview":"max-image-preview:large","max-video-preview":"max-video-preview:-1"},"canonical":"https:\/\/shimanofest.com.br\/index.php\/o-evento\/informacoes\/","og_locale":"pt_BR","og_type":"article","og_title":"Informa\u00e7\u00f5es - Shimano Fest","og_description":"Informa\u00e7\u00f5es Shimano Fest 2026 &#8211; 20 a 23 de Agosto Feira de Neg\u00f3cios20 e 21 de Agosto &#8211; dias exclusivos para profissionais do mercado.Credenciamento obrigat\u00f3rioHor\u00e1rios: Dia 20:&nbsp;9h00 &#8211; 20h00&nbsp;| Dia 21:&nbsp;9h00 &#8211; 17h00 Festival da Bike22 e 23 de Agosto &#8211; dias aberto ao p\u00fablico aberta ao p\u00fablico.Inscri\u00e7\u00e3o gratuitaHor\u00e1rios: Dia 22:&nbsp;9h00 &#8211; 20h00 | Dia [&hellip;]","og_url":"https:\/\/shimanofest.com.br\/index.php\/o-evento\/informacoes\/","og_site_name":"Shimano Fest","article_modified_time":"2026-04-16T20:13:29+00:00","twitter_card":"summary_large_image","twitter_misc":{"Est. tempo de leitura":"1 minuto"},"schema":{"@context":"https:\/\/schema.org","@graph":[{"@type":"WebPage","@id":"https:\/\/shimanofest.com.br\/index.php\/o-evento\/informacoes\/","url":"https:\/\/shimanofest.com.br\/index.php\/o-evento\/informacoes\/","name":"Informa\u00e7\u00f5es - Shimano Fest","isPartOf":{"@id":"https:\/\/shimanofest.com.br\/#website"},"datePublished":"2023-05-25T20:19:51+00:00","dateModified":"2026-04-16T20:13:29+00:00","breadcrumb":{"@id":"https:\/\/shimanofest.com.br\/index.php\/o-evento\/informacoes\/#breadcrumb"},"inLanguage":"pt-BR","potentialAction":[{"@type":"ReadAction","target":["https:\/\/shimanofest.com.br\/index.php\/o-evento\/informacoes\/"]}]},{"@type":"BreadcrumbList","@id":"https:\/\/shimanofest.com.br\/index.php\/o-evento\/informacoes\/#breadcrumb","itemListElement":[{"@type":"ListItem","position":1,"name":"Home","item":"https:\/\/shimanofest.com.br\/"},{"@type":"ListItem","position":2,"name":"O Evento","item":"https:\/\/shimanofest.com.br\/index.php\/o-evento\/"},{"@type":"ListItem","position":3,"name":"Informa\u00e7\u00f5es"}]},{"@type":"WebSite","@id":"https:\/\/shimanofest.com.br\/#website","url":"https:\/\/shimanofest.com.br\/","name":"Shimano Fest","description":"","potentialAction":[{"@type":"SearchAction","target":{"@type":"EntryPoint","urlTemplate":"https:\/\/shimanofest.com.br\/?s={search_term_string}"},"query-input":"required name=search_term_string"}],"inLanguage":"pt-BR"}]}},"_links":{"self":[{"href":"https:\/\/shimanofest.com.br\/index.php\/wp-json\/wp\/v2\/pages\/32"}],"collection":[{"href":"https:\/\/shimanofest.com.br\/index.php\/wp-json\/wp\/v2\/pages"}],"about":[{"href":"https:\/\/shimanofest.com.br\/index.php\/wp-json\/wp\/v2\/types\/page"}],"author":[{"embeddable":true,"href":"https:\/\/shimanofest.com.br\/index.php\/wp-json\/wp\/v2\/users\/3"}],"replies":[{"embeddable":true,"href":"https:\/\/shimanofest.com.br\/index.php\/wp-json\/wp\/v2\/comments?post=32"}],"version-history":[{"count":119,"href":"https:\/\/shimanofest.com.br\/index.php\/wp-json\/wp\/v2\/pages\/32\/revisions"}],"predecessor-version":[{"id":5456,"href":"https:\/\/shimanofest.com.br\/index.php\/wp-json\/wp\/v2\/pages\/32\/revisions\/5456"}],"up":[{"embeddable":true,"href":"https:\/\/shimanofest.com.br\/index.php\/wp-json\/wp\/v2\/pages\/16"}],"wp:attachment":[{"href":"https:\/\/shimanofest.com.br\/index.php\/wp-json\/wp\/v2\/media?parent=32"}],"curies":[{"name":"wp","href":"https:\/\/api.w.org\/{rel}","templated":true}]}}

Informações

<div data-elementor-type="wp-page" data-elementor-id="32" class="elementor elementor-32">
							<div class="elementor-element elementor-element-1d23f80 e-con-boxed e-flex e-con" data-id="1d23f80" data-element_type="container" data-settings="{&quot;background_background&quot;:&quot;classic&quot;,&quot;content_width&quot;:&quot;boxed&quot;}">
					<div class="e-con-inner">
		<div class="elementor-element elementor-element-4637780 e-con-full e-flex e-con" data-id="4637780" data-element_type="container" data-settings="{&quot;content_width&quot;:&quot;full&quot;,&quot;background_background&quot;:&quot;classic&quot;}">
				<div class="elementor-element elementor-element-f8f07b4 elementor-widget elementor-widget-heading" data-id="f8f07b4" data-element_type="widget" data-widget_type="heading.default">
				<div class="elementor-widget-container">
			<style>/*! elementor - v3.13.2 - 11-05-2023 */
.elementor-heading-title{padding:0;margin:0;line-height:1}.elementor-widget-heading .elementor-heading-title[class*=elementor-size-]>a{color:inherit;font-size:inherit;line-height:inherit}.elementor-widget-heading .elementor-heading-title.elementor-size-small{font-size:15px}.elementor-widget-heading .elementor-heading-title.elementor-size-medium{font-size:19px}.elementor-widget-heading .elementor-heading-title.elementor-size-large{font-size:29px}.elementor-widget-heading .elementor-heading-title.elementor-size-xl{font-size:39px}.elementor-widget-heading .elementor-heading-title.elementor-size-xxl{font-size:59px}</style><h2 class="elementor-heading-title elementor-size-default">Informações</h2>		</div>
				</div>
				<div class="elementor-element elementor-element-405855f elementor-align-center elementor-widget elementor-widget-breadcrumbs" data-id="405855f" data-element_type="widget" data-widget_type="breadcrumbs.default">
				<div class="elementor-widget-container">
			<link rel="stylesheet" href="https://shimanofest.com.br/wp-content/plugins/pro-elements/assets/css/widget-theme-elements.min.css"><p id="breadcrumbs"><span><span><a href="https://shimanofest.com.br/">Home</a></span></span></p>		</div>
				</div>
				</div>
		<div class="elementor-element elementor-element-d8f598c e-con-full content-box e-flex e-con" data-id="d8f598c" data-element_type="container" data-settings="{&quot;content_width&quot;:&quot;full&quot;,&quot;background_background&quot;:&quot;classic&quot;}">
		<div class="elementor-element elementor-element-31ccd54 e-con-boxed e-flex e-con" data-id="31ccd54" data-element_type="container" data-settings="{&quot;background_background&quot;:&quot;classic&quot;,&quot;content_width&quot;:&quot;boxed&quot;}">
					<div class="e-con-inner">
				<div class="elementor-element elementor-element-9cb7ed6 elementor-widget elementor-widget-heading" data-id="9cb7ed6" data-element_type="widget" data-widget_type="heading.default">
				<div class="elementor-widget-container">
			<h2 class="elementor-heading-title elementor-size-default">Shimano Fest 2026 - 20 a 23 de Agosto</h2>		</div>
				</div>
					</div>
				</div>
				</div>
		<div class="elementor-element elementor-element-73558d9 e-con-full content-box e-flex e-con" data-id="73558d9" data-element_type="container" data-settings="{&quot;content_width&quot;:&quot;full&quot;,&quot;background_background&quot;:&quot;classic&quot;}">
				<div class="elementor-element elementor-element-c0b4e2c conteudo elementor-widget__width-inherit elementor-widget elementor-widget-text-editor" data-id="c0b4e2c" data-element_type="widget" data-widget_type="text-editor.default">
				<div class="elementor-widget-container">
			<style>/*! elementor - v3.13.2 - 11-05-2023 */
.elementor-widget-text-editor.elementor-drop-cap-view-stacked .elementor-drop-cap{background-color:#69727d;color:#fff}.elementor-widget-text-editor.elementor-drop-cap-view-framed .elementor-drop-cap{color:#69727d;border:3px solid;background-color:transparent}.elementor-widget-text-editor:not(.elementor-drop-cap-view-default) .elementor-drop-cap{margin-top:8px}.elementor-widget-text-editor:not(.elementor-drop-cap-view-default) .elementor-drop-cap-letter{width:1em;height:1em}.elementor-widget-text-editor .elementor-drop-cap{float:left;text-align:center;line-height:1;font-size:50px}.elementor-widget-text-editor .elementor-drop-cap-letter{display:inline-block}</style>				<p><font color="#029fe3"><b>Feira de Negócios<br></b></font>20 e 21 de Agosto &#8211; dias exclusivos para profissionais do mercado.<br>Credenciamento obrigatório<br>Horários: Dia 20:&nbsp;<span style="font-weight: bolder;"><span style="color: rgb(2, 159, 227);">9h00 &#8211; 20h00</span></span>&nbsp;| Dia 21:&nbsp;<span style="font-weight: bolder;"><span style="color: rgb(2, 159, 227);">9h00 &#8211; 17h00</span></span></p>
<p><font color="#029fe3"><b>Festival da Bike<br></b></font>22 e 23 de Agosto &#8211; dias aberto ao público aberta ao público.<br>Inscrição gratuita<br>Horários: Dia 22:&nbsp;<strong><span style="color: #029fe3;">9h00 &#8211; 20h00</span></strong> | Dia 23: <strong><span style="color: #029fe3;">9h00 &#8211; 17h00</span></strong></p>
<p>Local:<strong><span style="color: #029fe3;"> Memorial da América Latina</span></strong>, São Paulo &#8211; SP.<br>Av. Mário de Andrade, 664 &#8211; Barra Funda, São Paulo<br>Entrada principal e única &#8211; <strong><span style="color: #029fe3;">Portão 13s</span></strong></p>						</div>
				</div>
				</div>
					</div>
				</div>
							</div>

<p>Informações Shimano Fest 2026 &#8211; 20 a 23 de Agosto Feira de Negócios20 e 21 de Agosto &#8211; dias exclusivos para profissionais do mercado.Credenciamento obrigatórioHorários: Dia 20:&nbsp;9h00 &#8211; 20h00&nbsp;| Dia 21:&nbsp;9h00 &#8211; 17h00 Festival da Bike22 e 23 de Agosto &#8211; dias aberto ao público aberta ao público.Inscrição gratuitaHorários: Dia 22:&nbsp;9h00 &#8211; 20h00 | Dia [&hellip;]</p>

<!-- This site is optimized with the Yoast SEO plugin v20.9 - https://yoast.com/wordpress/plugins/seo/ -->
<title>Informações - Shimano Fest</title>
<meta name="robots" content="index, follow, max-snippet:-1, max-image-preview:large, max-video-preview:-1" />
<link rel="canonical" href="https://shimanofest.com.br/index.php/o-evento/informacoes/" />
<meta property="og:locale" content="pt_BR" />
<meta property="og:type" content="article" />
<meta property="og:title" content="Informações - Shimano Fest" />
<meta property="og:description" content="Informações Shimano Fest 2026 &#8211; 20 a 23 de Agosto Feira de Negócios20 e 21 de Agosto &#8211; dias exclusivos para profissionais do mercado.Credenciamento obrigatórioHorários: Dia 20:&nbsp;9h00 &#8211; 20h00&nbsp;| Dia 21:&nbsp;9h00 &#8211; 17h00 Festival da Bike22 e 23 de Agosto &#8211; dias aberto ao público aberta ao público.Inscrição gratuitaHorários: Dia 22:&nbsp;9h00 &#8211; 20h00 | Dia [&hellip;]" />
<meta property="og:url" content="https://shimanofest.com.br/index.php/o-evento/informacoes/" />
<meta property="og:site_name" content="Shimano Fest" />
<meta property="article:modified_time" content="2026-04-16T20:13:29+00:00" />
<meta name="twitter:card" content="summary_large_image" />
<meta name="twitter:label1" content="Est. tempo de leitura" />
	<meta name="twitter:data1" content="1 minuto" />
<script type="application/ld+json" class="yoast-schema-graph">{"@context":"https://schema.org","@graph":[{"@type":"WebPage","@id":"https://shimanofest.com.br/index.php/o-evento/informacoes/","url":"https://shimanofest.com.br/index.php/o-evento/informacoes/","name":"Informações - Shimano Fest","isPartOf":{"@id":"https://shimanofest.com.br/#website"},"datePublished":"2023-05-25T20:19:51+00:00","dateModified":"2026-04-16T20:13:29+00:00","breadcrumb":{"@id":"https://shimanofest.com.br/index.php/o-evento/informacoes/#breadcrumb"},"inLanguage":"pt-BR","potentialAction":[{"@type":"ReadAction","target":["https://shimanofest.com.br/index.php/o-evento/informacoes/"]}]},{"@type":"BreadcrumbList","@id":"https://shimanofest.com.br/index.php/o-evento/informacoes/#breadcrumb","itemListElement":[{"@type":"ListItem","position":1,"name":"Home","item":"https://shimanofest.com.br/"},{"@type":"ListItem","position":2,"name":"O Evento","item":"https://shimanofest.com.br/index.php/o-evento/"},{"@type":"ListItem","position":3,"name":"Informações"}]},{"@type":"WebSite","@id":"https://shimanofest.com.br/#website","url":"https://shimanofest.com.br/","name":"Shimano Fest","description":"","potentialAction":[{"@type":"SearchAction","target":{"@type":"EntryPoint","urlTemplate":"https://shimanofest.com.br/?s={search_term_string}"},"query-input":"required name=search_term_string"}],"inLanguage":"pt-BR"}]}</script>
<!-- / Yoast SEO plugin. -->

Informações - Shimano Fest

Informações Shimano Fest 2026 &#8211; 20 a 23 de Agosto Feira de Negócios20 e 21 de Agosto &#8211; dias exclusivos para profissionais do mercado.Credenciamento obrigatórioHorários: Dia 20:&nbsp;9h00 &#8211; 20h00&nbsp;| Dia 21:&nbsp;9h00 &#8211; 17h00 Festival da Bike22 e 23 de Agosto &#8211; dias aberto ao público aberta ao público.Inscrição gratuitaHorários: Dia 22:&nbsp;9h00 &#8211; 20h00 | Dia [&hellip;]
