{"id":443,"date":"2023-05-30T17:56:44","date_gmt":"2023-05-30T17:56:44","guid":{"rendered":"http:\/\/ec2-18-229-160-1.sa-east-1.compute.amazonaws.com\/?page_id=443"},"modified":"2026-04-09T10:49:20","modified_gmt":"2026-04-09T13:49:20","slug":"festival-da-bike","status":"publish","type":"page","link":"https:\/\/shimanofest.com.br\/index.php\/credenciamento\/festival-da-bike\/","title":{"rendered":"Festival da Bike"},"content":{"rendered":"\t\t<div data-elementor-type=\"wp-page\" data-elementor-id=\"443\" class=\"elementor elementor-443\">\n\t\t\t\t\t\t\t<div class=\"elementor-element elementor-element-d003499 e-con-boxed e-flex e-con\" data-id=\"d003499\" data-element_type=\"container\" data-settings=\"{&quot;background_background&quot;:&quot;classic&quot;,&quot;content_width&quot;:&quot;boxed&quot;}\">\n\t\t\t\t\t<div class=\"e-con-inner\">\n\t\t<div class=\"elementor-element elementor-element-a5d41a9 e-con-full e-flex e-con\" data-id=\"a5d41a9\" data-element_type=\"container\" data-settings=\"{&quot;content_width&quot;:&quot;full&quot;}\">\n\t\t\t\t<div class=\"elementor-element elementor-element-7abed29 elementor-widget elementor-widget-heading\" data-id=\"7abed29\" data-element_type=\"widget\" data-widget_type=\"heading.default\">\n\t\t\t\t<div class=\"elementor-widget-container\">\n\t\t\t<style>\/*! elementor - v3.13.2 - 11-05-2023 *\/\n.elementor-heading-title{padding:0;margin:0;line-height:1}.elementor-widget-heading .elementor-heading-title[class*=elementor-size-]>a{color:inherit;font-size:inherit;line-height:inherit}.elementor-widget-heading .elementor-heading-title.elementor-size-small{font-size:15px}.elementor-widget-heading .elementor-heading-title.elementor-size-medium{font-size:19px}.elementor-widget-heading .elementor-heading-title.elementor-size-large{font-size:29px}.elementor-widget-heading .elementor-heading-title.elementor-size-xl{font-size:39px}.elementor-widget-heading .elementor-heading-title.elementor-size-xxl{font-size:59px}<\/style><h2 class=\"elementor-heading-title elementor-size-default\">Festival da Bike<\/h2>\t\t<\/div>\n\t\t\t\t<\/div>\n\t\t\t\t<div class=\"elementor-element elementor-element-ee87566 elementor-align-left elementor-widget elementor-widget-breadcrumbs\" data-id=\"ee87566\" data-element_type=\"widget\" data-widget_type=\"breadcrumbs.default\">\n\t\t\t\t<div class=\"elementor-widget-container\">\n\t\t\t<link rel=\"stylesheet\" href=\"https:\/\/shimanofest.com.br\/wp-content\/plugins\/pro-elements\/assets\/css\/widget-theme-elements.min.css\"><p id=\"breadcrumbs\"><span><span><a href=\"https:\/\/shimanofest.com.br\/\">Home<\/a><\/span><\/span><\/p>\t\t<\/div>\n\t\t\t\t<\/div>\n\t\t\t\t<\/div>\n\t\t<div class=\"elementor-element elementor-element-674013e e-con-full content-box e-flex e-con\" data-id=\"674013e\" data-element_type=\"container\" data-settings=\"{&quot;content_width&quot;:&quot;full&quot;,&quot;background_background&quot;:&quot;classic&quot;}\">\n\t\t\t\t<div class=\"elementor-element elementor-element-87d191a elementor-widget elementor-widget-image\" data-id=\"87d191a\" data-element_type=\"widget\" data-widget_type=\"image.default\">\n\t\t\t\t<div class=\"elementor-widget-container\">\n\t\t\t<style>\/*! elementor - v3.13.2 - 11-05-2023 *\/\n.elementor-widget-image{text-align:center}.elementor-widget-image a{display:inline-block}.elementor-widget-image a img[src$=\".svg\"]{width:48px}.elementor-widget-image img{vertical-align:middle;display:inline-block}<\/style>\t\t\t\t\t\t\t\t\t\t\t\t<img loading=\"lazy\" decoding=\"async\" width=\"2500\" height=\"1323\" src=\"https:\/\/shimanofest.com.br\/wp-content\/uploads\/2026\/04\/festivaldabike.jpg\" class=\"attachment-full size-full wp-image-5055\" alt=\"\" srcset=\"https:\/\/shimanofest.com.br\/wp-content\/uploads\/2026\/04\/festivaldabike.jpg 2500w, https:\/\/shimanofest.com.br\/wp-content\/uploads\/2026\/04\/festivaldabike-300x159.jpg 300w, https:\/\/shimanofest.com.br\/wp-content\/uploads\/2026\/04\/festivaldabike-1024x542.jpg 1024w, https:\/\/shimanofest.com.br\/wp-content\/uploads\/2026\/04\/festivaldabike-768x406.jpg 768w, https:\/\/shimanofest.com.br\/wp-content\/uploads\/2026\/04\/festivaldabike-1536x813.jpg 1536w, https:\/\/shimanofest.com.br\/wp-content\/uploads\/2026\/04\/festivaldabike-2048x1084.jpg 2048w\" sizes=\"(max-width: 2500px) 100vw, 2500px\" \/>\t\t\t\t\t\t\t\t\t\t\t\t\t\t\t<\/div>\n\t\t\t\t<\/div>\n\t\t\t\t<div class=\"elementor-element elementor-element-3ee34f7 conteudo elementor-widget elementor-widget-text-editor\" data-id=\"3ee34f7\" data-element_type=\"widget\" data-widget_type=\"text-editor.default\">\n\t\t\t\t<div class=\"elementor-widget-container\">\n\t\t\t<style>\/*! elementor - v3.13.2 - 11-05-2023 *\/\n.elementor-widget-text-editor.elementor-drop-cap-view-stacked .elementor-drop-cap{background-color:#69727d;color:#fff}.elementor-widget-text-editor.elementor-drop-cap-view-framed .elementor-drop-cap{color:#69727d;border:3px solid;background-color:transparent}.elementor-widget-text-editor:not(.elementor-drop-cap-view-default) .elementor-drop-cap{margin-top:8px}.elementor-widget-text-editor:not(.elementor-drop-cap-view-default) .elementor-drop-cap-letter{width:1em;height:1em}.elementor-widget-text-editor .elementor-drop-cap{float:left;text-align:center;line-height:1;font-size:50px}.elementor-widget-text-editor .elementor-drop-cap-letter{display:inline-block}<\/style>\t\t\t\t<p>Um orgulho para o Brasil e Am\u00e9rica Latina: somos o maior festival da bike do nosso continente!<\/p>\n<p>O que voc\u00ea pode esperar de um festival da bicicleta:<\/p>\n<ul>\n<li>As principais marcas de bike estar\u00e3o aqui<\/li>\n<li>Voc\u00ea poder\u00e1 testar as bikes gratuitamente no nosso test-ride<\/li>\n<li>Exposi\u00e7\u00e3o de produtos, acess\u00f3rios e equipamentos: tudo isso em \u00e1reas cobertas com stands fant\u00e1sticos das marcas mais incr\u00edveis do setor<\/li>\n<li>Bateu a fome? S\u00e3o 2 pra\u00e7as de alimenta\u00e7\u00e3o com food trucks e food bikes!<\/li>\n<li>Cansou? Voc\u00ea pode dar uma relaxada e assistir a um show de pop-rock tomando aquele chopp gelado<\/li>\n<li>Exposi\u00e7\u00e3o de equipamentos e acess\u00f3rios, experimenta\u00e7\u00e3o e degusta\u00e7\u00e3o de alimentos e bebidas de reposi\u00e7\u00e3o: tudo isso em \u00e1reas cobertas com stands fant\u00e1sticos das marcas mais incr\u00edveis do setor<\/li>\n<li>Voc\u00ea \u00e9 engajado com temas como mobilidade, cidadania, inclus\u00e3o, g\u00eanero, empreendedorismo social e sustentabilidade?<br>Participe dos nossos debates e discuss\u00f5es no s\u00e1bado e domingo no Audit\u00f3rio Diversidade<\/li>\n<li>Apresenta\u00e7\u00f5es de BMX com manobras radicais<\/li>\n<li>Espa\u00e7o e divers\u00e3o para a crian\u00e7ada!<\/li>\n<\/ul>\n<h6>HOR\u00c1RIO DE FUNCIONAMENTO<\/h6>\n<h6>16\/08 &#8211; 10h00 \u00e0s 20h00<\/h6>\n<h6>17\/08 &#8211; 10h00 \u00e0s 17h00<\/h6>\n<p><strong>Entrada gratuita, pedimos se poss\u00edvel a colabora\u00e7\u00e3o com 1kg de alimento!<\/strong><\/p>\n<p><strong>Baixe o APP Shimano Fest 2026 e tenha seu ingresso em m\u00e3os!<\/strong><\/p>\t\t\t\t\t\t<\/div>\n\t\t\t\t<\/div>\n\t\t\t\t<div class=\"elementor-element elementor-element-c34b4b2 elementor-widget elementor-widget-button\" data-id=\"c34b4b2\" data-element_type=\"widget\" data-widget_type=\"button.default\">\n\t\t\t\t<div class=\"elementor-widget-container\">\n\t\t\t\t\t<div class=\"elementor-button-wrapper\">\n\t\t\t<a href=\"https:\/\/shimanofest2025.yazo.app.br\/app-links\" target=\"_blank\" class=\"elementor-button-link elementor-button elementor-size-sm\" role=\"button\">\n\t\t\t\t\t\t<span class=\"elementor-button-content-wrapper\">\n\t\t\t\t\t\t<span class=\"elementor-button-text\">INSCREVA-SE AQUI<\/span>\n\t\t<\/span>\n\t\t\t\t\t<\/a>\n\t\t<\/div>\n\t\t\t\t<\/div>\n\t\t\t\t<\/div>\n\t\t\t\t<\/div>\n\t\t\t\t\t<\/div>\n\t\t\t\t<\/div>\n\t\t\t\t\t\t\t<\/div>\n\t\t","protected":false},"excerpt":{"rendered":"<p>Festival da Bike Um orgulho para o Brasil e Am\u00e9rica Latina: somos o maior festival da bike do nosso continente! O que voc\u00ea pode esperar de um festival da bicicleta: As principais marcas de bike estar\u00e3o aqui Voc\u00ea poder\u00e1 testar as bikes gratuitamente no nosso test-ride Exposi\u00e7\u00e3o de produtos, acess\u00f3rios e equipamentos: tudo isso em [&hellip;]<\/p>\n","protected":false},"author":3,"featured_media":0,"parent":18,"menu_order":0,"comment_status":"closed","ping_status":"closed","template":"","meta":{"inline_featured_image":false,"footnotes":""},"acf":[],"yoast_head":"<!-- This site is optimized with the Yoast SEO plugin v20.9 - https:\/\/yoast.com\/wordpress\/plugins\/seo\/ -->\n<title>Festival da Bike - Shimano Fest<\/title>\n<meta name=\"robots\" content=\"index, follow, max-snippet:-1, max-image-preview:large, max-video-preview:-1\" \/>\n<link rel=\"canonical\" href=\"https:\/\/shimanofest.com.br\/index.php\/credenciamento\/festival-da-bike\/\" \/>\n<meta property=\"og:locale\" content=\"pt_BR\" \/>\n<meta property=\"og:type\" content=\"article\" \/>\n<meta property=\"og:title\" content=\"Festival da Bike - Shimano Fest\" \/>\n<meta property=\"og:description\" content=\"Festival da Bike Um orgulho para o Brasil e Am\u00e9rica Latina: somos o maior festival da bike do nosso continente! O que voc\u00ea pode esperar de um festival da bicicleta: As principais marcas de bike estar\u00e3o aqui Voc\u00ea poder\u00e1 testar as bikes gratuitamente no nosso test-ride Exposi\u00e7\u00e3o de produtos, acess\u00f3rios e equipamentos: tudo isso em [&hellip;]\" \/>\n<meta property=\"og:url\" content=\"https:\/\/shimanofest.com.br\/index.php\/credenciamento\/festival-da-bike\/\" \/>\n<meta property=\"og:site_name\" content=\"Shimano Fest\" \/>\n<meta property=\"article:modified_time\" content=\"2026-04-09T13:49:20+00:00\" \/>\n<meta property=\"og:image\" content=\"https:\/\/shimanofest.com.br\/wp-content\/uploads\/2026\/04\/festivaldabike.jpg\" \/>\n<meta name=\"twitter:card\" content=\"summary_large_image\" \/>\n<meta name=\"twitter:label1\" content=\"Est. tempo de leitura\" \/>\n\t<meta name=\"twitter:data1\" content=\"2 minutos\" \/>\n<script type=\"application\/ld+json\" class=\"yoast-schema-graph\">{\"@context\":\"https:\/\/schema.org\",\"@graph\":[{\"@type\":\"WebPage\",\"@id\":\"https:\/\/shimanofest.com.br\/index.php\/credenciamento\/festival-da-bike\/\",\"url\":\"https:\/\/shimanofest.com.br\/index.php\/credenciamento\/festival-da-bike\/\",\"name\":\"Festival da Bike - Shimano Fest\",\"isPartOf\":{\"@id\":\"https:\/\/shimanofest.com.br\/#website\"},\"datePublished\":\"2023-05-30T17:56:44+00:00\",\"dateModified\":\"2026-04-09T13:49:20+00:00\",\"breadcrumb\":{\"@id\":\"https:\/\/shimanofest.com.br\/index.php\/credenciamento\/festival-da-bike\/#breadcrumb\"},\"inLanguage\":\"pt-BR\",\"potentialAction\":[{\"@type\":\"ReadAction\",\"target\":[\"https:\/\/shimanofest.com.br\/index.php\/credenciamento\/festival-da-bike\/\"]}]},{\"@type\":\"BreadcrumbList\",\"@id\":\"https:\/\/shimanofest.com.br\/index.php\/credenciamento\/festival-da-bike\/#breadcrumb\",\"itemListElement\":[{\"@type\":\"ListItem\",\"position\":1,\"name\":\"Home\",\"item\":\"https:\/\/shimanofest.com.br\/\"},{\"@type\":\"ListItem\",\"position\":2,\"name\":\"Credenciamento\",\"item\":\"https:\/\/shimanofest.com.br\/?page_id=18\"},{\"@type\":\"ListItem\",\"position\":3,\"name\":\"Festival da Bike\"}]},{\"@type\":\"WebSite\",\"@id\":\"https:\/\/shimanofest.com.br\/#website\",\"url\":\"https:\/\/shimanofest.com.br\/\",\"name\":\"Shimano Fest\",\"description\":\"\",\"potentialAction\":[{\"@type\":\"SearchAction\",\"target\":{\"@type\":\"EntryPoint\",\"urlTemplate\":\"https:\/\/shimanofest.com.br\/?s={search_term_string}\"},\"query-input\":\"required name=search_term_string\"}],\"inLanguage\":\"pt-BR\"}]}<\/script>\n<!-- \/ Yoast SEO plugin. -->","yoast_head_json":{"title":"Festival da Bike - Shimano Fest","robots":{"index":"index","follow":"follow","max-snippet":"max-snippet:-1","max-image-preview":"max-image-preview:large","max-video-preview":"max-video-preview:-1"},"canonical":"https:\/\/shimanofest.com.br\/index.php\/credenciamento\/festival-da-bike\/","og_locale":"pt_BR","og_type":"article","og_title":"Festival da Bike - Shimano Fest","og_description":"Festival da Bike Um orgulho para o Brasil e Am\u00e9rica Latina: somos o maior festival da bike do nosso continente! O que voc\u00ea pode esperar de um festival da bicicleta: As principais marcas de bike estar\u00e3o aqui Voc\u00ea poder\u00e1 testar as bikes gratuitamente no nosso test-ride Exposi\u00e7\u00e3o de produtos, acess\u00f3rios e equipamentos: tudo isso em [&hellip;]","og_url":"https:\/\/shimanofest.com.br\/index.php\/credenciamento\/festival-da-bike\/","og_site_name":"Shimano Fest","article_modified_time":"2026-04-09T13:49:20+00:00","og_image":[{"url":"https:\/\/shimanofest.com.br\/wp-content\/uploads\/2026\/04\/festivaldabike.jpg"}],"twitter_card":"summary_large_image","twitter_misc":{"Est. tempo de leitura":"2 minutos"},"schema":{"@context":"https:\/\/schema.org","@graph":[{"@type":"WebPage","@id":"https:\/\/shimanofest.com.br\/index.php\/credenciamento\/festival-da-bike\/","url":"https:\/\/shimanofest.com.br\/index.php\/credenciamento\/festival-da-bike\/","name":"Festival da Bike - Shimano Fest","isPartOf":{"@id":"https:\/\/shimanofest.com.br\/#website"},"datePublished":"2023-05-30T17:56:44+00:00","dateModified":"2026-04-09T13:49:20+00:00","breadcrumb":{"@id":"https:\/\/shimanofest.com.br\/index.php\/credenciamento\/festival-da-bike\/#breadcrumb"},"inLanguage":"pt-BR","potentialAction":[{"@type":"ReadAction","target":["https:\/\/shimanofest.com.br\/index.php\/credenciamento\/festival-da-bike\/"]}]},{"@type":"BreadcrumbList","@id":"https:\/\/shimanofest.com.br\/index.php\/credenciamento\/festival-da-bike\/#breadcrumb","itemListElement":[{"@type":"ListItem","position":1,"name":"Home","item":"https:\/\/shimanofest.com.br\/"},{"@type":"ListItem","position":2,"name":"Credenciamento","item":"https:\/\/shimanofest.com.br\/?page_id=18"},{"@type":"ListItem","position":3,"name":"Festival da Bike"}]},{"@type":"WebSite","@id":"https:\/\/shimanofest.com.br\/#website","url":"https:\/\/shimanofest.com.br\/","name":"Shimano Fest","description":"","potentialAction":[{"@type":"SearchAction","target":{"@type":"EntryPoint","urlTemplate":"https:\/\/shimanofest.com.br\/?s={search_term_string}"},"query-input":"required name=search_term_string"}],"inLanguage":"pt-BR"}]}},"_links":{"self":[{"href":"https:\/\/shimanofest.com.br\/index.php\/wp-json\/wp\/v2\/pages\/443"}],"collection":[{"href":"https:\/\/shimanofest.com.br\/index.php\/wp-json\/wp\/v2\/pages"}],"about":[{"href":"https:\/\/shimanofest.com.br\/index.php\/wp-json\/wp\/v2\/types\/page"}],"author":[{"embeddable":true,"href":"https:\/\/shimanofest.com.br\/index.php\/wp-json\/wp\/v2\/users\/3"}],"replies":[{"embeddable":true,"href":"https:\/\/shimanofest.com.br\/index.php\/wp-json\/wp\/v2\/comments?post=443"}],"version-history":[{"count":54,"href":"https:\/\/shimanofest.com.br\/index.php\/wp-json\/wp\/v2\/pages\/443\/revisions"}],"predecessor-version":[{"id":5059,"href":"https:\/\/shimanofest.com.br\/index.php\/wp-json\/wp\/v2\/pages\/443\/revisions\/5059"}],"up":[{"embeddable":true,"href":"https:\/\/shimanofest.com.br\/index.php\/wp-json\/wp\/v2\/pages\/18"}],"wp:attachment":[{"href":"https:\/\/shimanofest.com.br\/index.php\/wp-json\/wp\/v2\/media?parent=443"}],"curies":[{"name":"wp","href":"https:\/\/api.w.org\/{rel}","templated":true}]}}